c = -1519 + u. List the prime factors of c.
2, 11, 23
What are the prime factors of (-3217555)/(-385) - ((-153)/(-315) + 2/(-10))?
61, 137
List the prime factors of (-66)/4*180/105*(-5964)/27.
2, 11, 71
Suppose 1780103 = 92*m + 57*m. What are the prime factors of m?
13, 919
Let r = -527 + 517. What are the prime factors of (-120 - 1)/(r/70)?
7, 11
Let v(f) = -7*f + 22. Let j be v(-2). Suppose j*y - 15954 - 6258 = 0. What are the prime factors of y?
617
Suppose 33502 = 4*t - 27249 + 4779. List the prime factors of t.
7, 1999
Let j(w) = -w**3 + 15*w**2. Let i be j(15). Suppose i = -4*s + 990 + 62. What are the prime factors of s?
263
Suppose -9*o = -29*o + 8*o + 33744. What are the prime factors of o?
2, 19, 37
Suppose -12*q - 260 = 8*q. What are the prime factors of 75 - 71 - (q - 1)?
2, 3
Let k be (-333)/45 + 9/(-15). List the prime factors of 2 - (-4)/(-6)*6276/k.
3, 5, 7
Suppose 0 = o + 2*h - 25012, -50054 = -2*o + 33*h - 31*h. List the prime factors of o.
2, 12511
Let x(l) be the first derivative of l**3/3 + 7*l**2 - 40*l + 2. Let p(w) = -15*w - 169. Let r be p(-10). What are the prime factors of x(r)?
5, 11
Let h be (-6243)/(-1)*7/21. Let m = h - 3001. What are the prime factors of (6/(-10))/(8/m)?
3, 23
Suppose -5*b - 3*g = -22 + 12, 0 = 3*b - 2*g + 13. List the prime factors of (b + (-41371)/(-22))*(-4)/(-6).
7, 179
Suppose i = 1374 + 227. Suppose 19*g - 527 - i = 0. List the prime factors of g.
2, 7
Suppose 65*a + 116882 = 88*a - 71626. What are the prime factors of a?
2, 3, 683
Suppose 0 = 210*j - 151*j - 38763. What are the prime factors of j?
3, 73
Let s be (-40)/6 + 0 - (-4)/6. Let z be 289/2 - s/12. Let a = z - 37. List the prime factors of a.
2, 3
Let z be 4/(-1)*(12 - (12 - 16)). Suppose -l + 231 = 2*l + 5*v, -5*l = 3*v - 369. Let a = l + z. List the prime factors of a.
2
Let x = 156638 - 105967. List the prime factors of x.
50671
Let t(w) = 951*w**2 + 20*w - 85. What are the prime factors of t(4)?
7, 41, 53
Let a(b) = -b**2 - 3*b - 2685. Let d be a(0). Let x = d + 4138. List the prime factors of x.
1453
Suppose 22831 = 18*d - 263261. What are the prime factors of d?
2, 3, 883
Let o(z) = 51*z - 1. Let w(h) = -102*h + 5. Let m(a) = -9*o(a) - 4*w(a). List the prime factors of m(-7).
2, 173
Let m(g) = 87*g**2 - 3*g - 20. Let s be m(3). Let d = -556 + s. What are the prime factors of d?
2, 3, 11
Let s(u) = -u**3 + 3*u**2 + 3*u + 3. Let t be -3 + (8 - -2 - 3). Let h be s(t). What are the prime factors of (h/(-3))/(1/228)?
2, 19
Let u = 5 - 2. Suppose 15 = u*l, 2*p + 36 = 5*l - 31. Let m = 18 - p. What are the prime factors of m?
3, 13
List the prime factors of ((-12610)/20)/(-13)*1206 + -2.
23, 2543
Suppose -u - 2*g - 47 = -2*u, -g - 91 = -2*u. Let o = -8 + 11. List the prime factors of (-432)/u*(-15)/o.
2, 3
Let d = 34 + -6. Let w(t) = -7 + 59 - 29*t + d*t. What are the prime factors of w(0)?
2, 13
Suppose 6*f - 16*f = -5200. Suppose 4*w = f + 312. Suppose -w = -2*u - i, -u + 5*i = -71 - 44. What are the prime factors of u?
3, 5, 7
Suppose 32*v - 723 + 307 = 0. List the prime factors of 10/780*v + (-4349)/(-6).
5, 29
Let s(u) be the first derivative of 86*u**2 - 27*u + 36. List the prime factors of s(4).
661
Suppose 3*t + 2*a - 29509 = 0, -13*a = 3*t - 12*a - 29510. List the prime factors of t.
3, 1093
Let w(u) = u**3 + 25*u**2 + u + 112. What are the prime factors of w(-11)?
5, 359
What are the prime factors of -1*3 + (-32088)/(-21)*3?
3, 509
Suppose 22 = 4*v - 3*s + 25, 3*s = -2*v + 3. Suppose -3*h + 4*z - 585 + 1816 = v, -5*h - 3*z = -2100. List the prime factors of h.
3, 139
Let b(p) = -2*p**3 + 45*p**2 + 30*p - 113. List the prime factors of b(17).
2, 3, 149
Suppose -2*v = -4*o - 5498, -4*v - 4581 = 5*o + 2311. Let p be (o/24)/((-2)/18). Suppose 51*a = 47*a + p. What are the prime factors of a?
3, 43
What are the prime factors of (-100)/36 + 3 + -3 + 221560/9?
3, 5, 547
Let a = -139 - -143. Suppose 3*o - 2*u = 7*o - 1264, a*o - 1272 = -4*u. What are the prime factors of o?
2, 157
Let q = 1813 - -1567. What are the prime factors of q?
2, 5, 13
What are the prime factors of (36760/(-12))/(-4 - 100/(-30))?
5, 919
Let n be (-8 + 9)/(0 - 2/(-28)). Suppose 8*l = n*l - 7554. List the prime factors of l.
1259
Let n(s) be the second derivative of -8*s - 5/3*s**3 + 1/6*s**4 + 7/2*s**2 + 0. What are the prime factors of n(9)?
79
Let o(a) = -10*a**3 + 2*a. Let x = -28 + 64. Let n be 3/(-2)*x/27. List the prime factors of o(n).
2, 19
Suppose 5*m + 3*a = 55, 3*m + 4*a - 60 = -2*m. Let z = m + -6. Suppose -225 = z*x - 7*x. List the prime factors of x.
3, 5
Let w = -57 - 18. Let j = w + 77. Suppose 607 = j*y + 227. List the prime factors of y.
2, 5, 19
Let z = 38 - 27. Let r = 14 - z. Suppose -r*w = -w - 234. What are the prime factors of w?
3, 13
Let u(s) = -1705*s + 121. Let m be u(-18). Suppose 27*q = m - 2623. List the prime factors of q.
2, 3, 29
Suppose 2316*o = 2338*o - 364870 - 50468. List the prime factors of o.
3, 7, 29, 31
List the prime factors of -1*-1658*63/18.
7, 829
Let q = -14 - -19. Suppose q*k - 114 - 1621 = 0. List the prime factors of k.
347
Let t be 4*(-3)/(-8) + 21/6. Suppose 0 = t*b - 99 - 76. Suppose 0 = -b*r + 38*r - 117. List the prime factors of r.
3, 13
Suppose -2*a - 30 = -12. Let i = a - -9. Suppose i = -5*n + 254 + 61. What are the prime factors of n?
3, 7
Let j = -6387 + 10486. What are the prime factors of j?
4099
Let n(a) = 3*a - 27. Let h be n(-6). Let w be (24/(-10))/((-6)/h*-3). Suppose -w*i - 415 = -11*i. What are the prime factors of i?
83
Let c = 13285 + 6087. What are the prime factors of c?
2, 29, 167
Suppose p + 31 = 35. Suppose 176 = n + 3*n + p*i, 2*n + 5*i - 85 = 0. Let f = -30 + n. What are the prime factors of f?
3, 5
Let n = -144 + 162. Suppose 3*c - 2028 = -2*g, -3*g - 19*c + n*c + 3049 = 0. List the prime factors of g.
3, 113
Suppose -15 = 15*z - 240. What are the prime factors of 4 - -6*160/z?
2, 17
Suppose 0 = m - a - 173, -4*m + a = -0*a - 677. Suppose -m + 13888 = 28*x. What are the prime factors of x?
2, 5, 7
Let j be (16/(-2))/(-9 + 7). Suppose -g - 16 = 5*q, 0 = -0*g + 2*g + j*q + 26. Let w(m) = m**3 + 12*m**2 + 9*m - 7. List the prime factors of w(g).
3, 5
Suppose 308198 = 47*x + 5847. What are the prime factors of x?
7, 919
Suppose -49444 = -5*a + 3*c, 5*a + 19255 = 5*c + 68695. What are the prime factors of a?
2, 5, 23, 43
Let k = 278 - 356. Let r = -19 - k. What are the prime factors of r?
59
Suppose -2485662 - 2193074 = -181*y - 98893. List the prime factors of y.
25303
Let p be ((-4)/(-2))/((-87)/90 - -1). Suppose -14*v + 2*v + p = 0. Suppose -q - 1178 = -5*s, v*s - 2*q + 5*q - 1186 = 0. What are the prime factors of s?
2, 59
Let r = -117 - -47. Let m be (r/42)/(1/(-3)). Suppose 3*y + m*h = 358, -3*y - 4*h + 128 + 228 = 0. List the prime factors of y.
2, 29
Let a(r) = -r**3 - 3*r**2 - 3*r. Let s be a(-7). Suppose 0*g - 5*g + x = 645, 0 = 2*x + 10. Let f = g + s. What are the prime factors of f?
3, 29
Let j be (43*-6)/(4/2). Let h = j - -179. List the prime factors of h.
2, 5
Suppose -25*q = -22*q - 3*r - 12966, 12941 = 3*q + 2*r. What are the prime factors of q?
3, 1439
Suppose 34*k + 3 = 35*k. Suppose -k*n + 4 = -7*n, -u + 2*n = -700. List the prime factors of u.
2, 349
Let r(z) be the second derivative of 7*z**4/12 - z**3/3 + 17*z**2/2 - 201*z. Suppose -3*g + 14 = -0*b + b, -g - 12 = -3*b. What are the prime factors of r(b)?
2, 7, 13
Let n = 166 - 149. Suppose 714 = 19*i - n*i. What are the prime factors of i?
3, 7, 17
List the prime factors of (5088/9)/(8/(-60) + 21/120).
2, 53
Let g = 23 - 72. Let w = -3 + 54. Let s = g + w. List the prime factors of s.
2
Let f be (-5 - -94 - -3)*24/(-2). List the prime factors of f/64*80/(-6).
2, 5, 23
Let t be ((-831)/(-9) + (-2)/(-3))/1. Let k = t + -87. Suppose -k*m + 16*m = 1000. List the prime factors of m.
2, 5
Let f(w) = 136*w**2 + 141*w + 724. What are the prime factors of f(-5)?
13, 263
Let x be 93/9 - 1*1/3. Let h(z) = -z**3 + 12*z**2 - 13*z - 4. Let t be h(x). Let c = t - 21. List the prime factors of c.
3, 5
Let p(s) = s**3 + 9*s**2 + s - 7. Let g be p(-8). Let f = 53 - g. Suppose f*d + 298 = 2*u + 52, -345 = -3*u - 2*d. What are the prime factors of u?
3, 13
Let g(q) = -13*q - 7. Let y(u) = -u**2 - 19*u + 13. Let w = 26 + -4